ided by 38.
33
Calculate the remainder when 122 is divided by 18.
14
What is the remainder when 86 is divided by 2?
0
What is the remainder when 35 is divided by 21?
14
What is the remainder when 43 is divided by 22?
21
What is the remainder when 444 is divided by 57?
45
Calculate the remainder when 361 is divided by 44.
9
What is the remainder when 185 is divided by 53?
26
What is the remainder when 1604 is divided by 8?
4
What is the remainder when 834 is divided by 22?
20
What is the remainder when 15604 is divided by 306?
304
What is the remainder when 1025 is divided by 27?
26
What is the remainder when 155 is divided by 36?
11
Calculate the remainder when 2525 is divided by 282.
269
Calculate the remainder when 52 is divided by 8.
4
Calculate the remainder when 7485 is divided by 39.
36
Calculate the remainder when 2267 is divided by 42.
41
What is the remainder when 80 is divided by 28?
24
Calculate the remainder when 656 is divided by 55.
51
What is the remainder when 835 is divided by 40?
35
What is the remainder when 327 is divided by 33?
30
What is the remainder when 100 is divided by 29?
13
Calculate the remainder when 1436 is divided by 31.
10
What is the remainder when 54 is divided by 11?
10
Calculate the remainder when 1244 is divided by 3.
2
Calculate the remainder when 43 is divided by 8.
3
Calculate the remainder when 10131 is divided by 18.
15
Calculate the remainder when 2043 is divided by 82.
75
What is the remainder when 86 is divided by 45?
41
Calculate the remainder when 5242 is divided by 1306.
18
Calculate the remainder when 10583 is divided by 3526.
5
What is the remainder when 290 is divided by 134?
22
What is the remainder when 374 is divided by 55?
44
What is the remainder when 267 is divided by 18?
15
What is the remainder when 62 is divided by 3?
2
Calculate the remainder when 59 is divided by 9.
5
Calculate the remainder when 1341 is divided by 48.
45
Calculate the remainder when 697 is divided by 70.
67
Calculate the remainder when 3952 is divided by 67.
66
What is the remainder when 402 is divided by 111?
69
What is the remainder when 201 is divided by 113?
88
Calculate the remainder when 263 is divided by 12.
11
What is the remainder when 269 is divided by 135?
134
What is the remainder when 19438 is divided by 72?
70
Calculate the remainder when 56 is divided by 35.
21
What is the remainder when 1118 is divided by 35?
33
Calculate the remainder when 36 is divided by 6.
0
What is the remainder when 1358 is divided by 35?
28
Calculate the remainder when 490 is divided by 45.
40
Calculate the remainder when 99 is divided by 54.
45
Calculate the remainder when 307 is divided by 83.
58
Calculate the remainder when 164 is divided by 38.
12
Calculate the remainder when 609 is divided by 68.
65
What is the remainder when 2587 is divided by 2?
1
What is the remainder when 186 is divided by 59?
9
What is the remainder when 184 is divided by 39?
28
What is the remainder when 279 is divided by 61?
35
What is the remainder when 261 is divided by 226?
35
What is the remainder when 14582 is divided by 43?
5
Calculate the remainder when 46 is divided by 43.
3
Calculate the remainder when 273 is divided by 69.
66
What is the remainder when 213 is divided by 20?
13
Calculate the remainder when 1160 is divided by 129.
128
Calculate the remainder when 43214 is divided by 335.
334
What is the remainder when 3261 is divided by 814?
5
Calculate the remainder when 4288 is divided by 10.
8
Calculate the remainder when 167 is divided by 42.
41
What is the remainder when 268 is divided by 62?
20
Calculate the remainder when 4390 is divided by 1097.
2
Calculate the remainder when 3496 is divided by 218.
8
Calculate the remainder when 2982 is divided by 990.
12
Calculate the remainder when 371 is divided by 362.
9
Calculate the remainder when 202 is divided by 68.
66
What is the remainder when 69 is divided by 22?
3
What is the remainder when 868 is divided by 79?
78
What is the remainder when 202 is divided by 30?
22
Calculate the remainder when 428 is divided by 117.
77
Calculate the remainder when 112 is divided by 20.
12
What is the remainder when 74 is divided by 54?
20
What is the remainder when 1149 is divided by 259?
113
Calculate the remainder when 557 is divided by 71.
60
What is the remainder when 80 is divided by 51?
29
What is the remainder when 260 is divided by 29?
28
What is the remainder when 174 is divided by 90?
84
What is the remainder when 788 is divided by 206?
170
What is the remainder when 501 is divided by 24?
21
Calculate the remainder when 597 is divided by 297.
3
Calculate the remainder when 637 is divided by 51.
25
Calculate the remainder when 116 is divided by 8.
4
What is the remainder when 1739 is divided by 97?
90
Calculate the remainder when 106 is divided by 22.
18
Calculate the remainder when 202 is divided by 68.
66
What is the remainder when 2363 is divided by 197?
196
Calculate the remainder when 31 is divided by 12.
7
What is the remainder when 61535 is divided by 96?
95
What is the remainder when 348 is divided by 42?
12
Calculate the remainder when 3354 is divided by 140.
134
What is the remainder when 615 is divided by 27?
21
Calculate the remainder when 505 is divided by 122.
17
Calculate the remainder when 402 is divided by 68.
62
Calculate the remainder when 25074 is divided by 85.
84
Calculate the remainder when 635 is divided by 13.
11
What is the remainder when 4183 is divided by 13?
10
What is the remainder when 2834 is divided by 1413?
8
Calculate the remainder when 893 is divided by 106.
45
Calculate the remainder when 656 is divided by 645.
11
What is the remainder when 174 is divided by 25?
24
Calculate the remainder when 427 is divided by 61.
0
What is the remainder when 503 is divided by 18?
17
Calculate the remainder when 233 is divided by 25.
8
Calculate the remainder when 374 is divided by 100.
74
What is the remainder when 187 is divided by 12?
7
What is the remainder when 450 is divided by 137?
39
Calculate the remainder when 347 is divided by 47.
18
Calculate the remainder when 475 is divided by 23.
15
Calculate the remainder when 77114 is divided by 13.
11
What is the remainder when 607 is divided by 19?
18
What is the remainder when 69 is divided by 37?
32
What is the remainder when 6695 is divided by 279?
278
Calculate the remainder when 2802 is divided by 46.
42
Calculate the remainder when 124 is divided by 25.
24
Calculate the remainder when 5066 is divided by 37.
34
What is the remainder when 893 is divided by 301?
291
What is the remainder when 239 is divided by 43?
24
Calculate the remainder when 4585 is divided by 165.
130
What is the remainder when 615 is divided by 88?
87
What is the remainder when 371 is divided by 195?
176
Calculate the remainder when 209 is divided by 30.
29
Calculate the remainder when 8170 is divided by 18.
16
Calculate the remainder when 375 is divided by 14.
11
What is the remainder when 507 is divided by 17?
14
Calculate the remainder when 356 is divided by 45.
41
Calculate the remainder when 413 is divided by 28.
21
What is the remainder when 544 is divided by 24?
16
Calculate the remainder when 2455 is divided by 30.
25
Calculate the remainder when 198 is divided by 5.
3
Calculate the remainder when 37 is divided by 28.
9
Calculate the remainder when 960 is divided by 135.
15
Calculate the remainder when 120 is divided by 41.
38
What is the remainder when 1637 is divided by 26?
25
Calculate the remainder when 45 is divided by 2.
1
Calculate the remainder when 1266 is divided by 210.
6
Calculate the remainder when 176 is divided by 59.
58
Calculate the remainder when 82 is divided by 7.
5
What is the remainder when 394 is divided by 14?
2
What is the remainder when 49 is divided by 11?
5
What is the remainder when 175 is divided by 90?
85
Calculate the remainder when 605 is divided by 10.
5
What is the remainder when 323 is divided by 39?
11
Calculate the remainder when 432 is divided by 189.
54
What is the remainder when 1087 is divided by 13?
8
Calculate the remainder when 2013 is divided by 2.
1
Calculate the remainder when 102 is divided by 16.
6
What is the remainder when 1171 is divided by 31?
24
What is the remainder when 14